) be the second derivative of r(s). Give m(-1).
-6
Let p(u) = u + 1. Let l be 1 + 1 + (2 - 0). Let g(m) = -2*m - 3. Suppose h = -2*z + 4*z - 16, 3*z + 5*h - 37 = 0. Let i(q) = l*g(q) + z*p(q). Calculate i(4).
1
Let c(h) be the third derivative of -h**5/60 + h**4/12 + 2*h**3/3 + 5*h**2. Calculate c(3).
1
Let p(a) = -3*a**3 - 3*a**2 + a + 5. Let i(x) = -4*x**3 - 4*x**2 + x + 6. Let f(q) = 4*i(q) - 5*p(q). Determine f(-1).
0
Let m(s) = 8*s**3 - s. Let p(b) = -b + 2. Let x be p(1). Give m(x).
7
Let q(g) = g**2 - 2. Let y be q(-2). Let d(p) = p**3 + 1. Let o(f) = 8*f**3 - 3*f**2 + 2*f + 4. Let v(n) = -6*d(n) + o(n). Give v(y).
6
Let o(g) = -9 - 1 + 11 + 5*g. What is o(-2)?
-9
Let o(d) = -79*d**2 - 7*d - 10. Let w(v) = -26*v**2 - 2*v - 3. Let q(a) = 2*o(a) - 7*w(a). What is q(1)?
25
Let d(m) = 7*m**2 + 19*m + 2. Let f(n) = 11*n**2 + 29*n + 3. Let p(q) = -8*d(q) + 5*f(q). Determine p(-6).
5
Let x(u) be the second derivative of u**4/12 + 5*u**3/6 + u**2/2 + 2*u. Suppose -5*v - 6 = n, 3*v - 11 = 5*n + 19. Let a be (n/4)/(6/12). Determine x(a).
-5
Let u = 29 - 28. Let z(i) be the first derivative of -5*i**4/4 - i**3/3 + i + 2. Give z(u).
-5
Let r be (0 - 0)/(-2 + 1) - 6. Let y(l) be the first derivative of 0 - 2 + 13*l + l**2 - 5*l. Determine y(r).
-4
Let g(c) be the third derivative of c**4/6 + 2*c**3/3 - c**2. Determine g(-3).
-8
Let t(m) = -5*m**2 - 8*m - 15. Let w(n) = -2*n**2 - 3*n - 5. Let a(d) = -3*t(d) + 8*w(d). Let r(z) = -7*z - 7. Let o be r(-1). Calculate a(o).
5
Let z be ((-9)/(-6))/(6/(-16)). Suppose 2*u + 8 - 22 = 0. Let q(x) = -15*x**2 + 2. Let s(n) = -8*n**2 + 1. Let i(l) = u*s(l) + z*q(l). Calculate i(1).
3
Let k(b) = -b**3 + 8*b**2 + b - 4. Let f(u) = -u**2 + 1. Let j(i) = -2*f(i) - k(i). What is j(6)?
-4
Let h(y) = 9*y**2 + y + 11*y - 12*y**2 + 4*y**2. What is h(-12)?
0
Let j(f) = -f**2 + 3. Let p(i) = -2*i**2 + 5. Let z(t) = 5*j(t) - 3*p(t). Let s(d) = -2*d**2 - 4*d + 3. Let k(n) = s(n) + z(n). Calculate k(-5).
-2
Let k(z) = -7 - z - 3*z + 2*z. Let u = 9 - 12. Let m = u + -2. Determine k(m).
3
Let h = 5/18 + 1/18. Let r(q) be the first derivative of 6*q + h*q**3 + 3 + 3/2*q**2. What is r(-4)?
10
Let r(s) = s**2 + s + 11. Suppose -5*q + 7*q = 0. Give r(q).
11
Let f(u) be the third derivative of -u**5/60 + u**4/4 - 5*u**3/6 - 2*u**2. Determine f(6).
-5
Let m(o) = o**3 + 8. Suppose -16 + 4 = 3*x. Let j = x - -4. Calculate m(j).
8
Suppose 0 = 3*q - 2*q - 1. Let c(r) = q - 1 - 3*r + 3 - 4. What is c(-2)?
5
Suppose -2*b = 4*a, -4*a - b = -3*b. Let j(x) be the first derivative of -x**2/2 + x - 1. Give j(a).
1
Let y(w) = -2*w + 4. Suppose 3*g + 44 = -4*m - g, 4*g + 2 = 2*m. Determine y(m).
18
Let j = -12 - -6. Let y(o) = -o**3 - 6*o**2 - 3. Calculate y(j).
-3
Let t(g) = -g**2. Let a(b) = 2*b**2 + 52*b + 52. Let l be a(-25). Give t(l).
-4
Let d(k) = -k**2 - 7*k - 4. Let j be d(-5). Let v(i) = -2*i + 1. Determine v(j).
-11
Let s(x) = x**2 + 11*x - 1. Let c(v) = -v**2 - 10*v + 1. Let p(y) = 6*c(y) + 5*s(y). Give p(-3).
7
Let y(l) = l - 1. Let i(g) = 0*g - 3*g - 3 + 2*g. Let o be i(-3). Let u be (4 + -3)*(o + -2). Calculate y(u).
-3
Let q(z) = 13 - 19 + 5 - 2*z**2 + 3*z**2. Give q(-1).
0
Let v = 8 + -1. Suppose -2*f + v*f - 14 = 4*k, 0 = -k + 4. Let o(d) = d**2 - 5*d - 6. Let c be o(f). Let n(a) = a**2 + a + 3. What is n(c)?
3
Let r(o) = -o**3 - 5*o**2 + 6*o. Let z be r(-6). Suppose 0 = -4*x - x. Let c(b) = -6 - b**2 + 1 + x*b**2. Give c(z).
-5
Let w be (-2)/(8/(-12)) + -1 - 10. Let k(t) = t**2 + 6*t - 9. Determine k(w).
7
Let t(h) = -h**3 + 4*h**2 + 4*h - 3*h - 3 - 5 + 3. Determine t(4).
-1
Suppose 3*x = 3 + 6. Let o(c) = 2*c**3 - x*c - 4*c**2 - c - 3 + 8*c. What is o(2)?
5
Suppose o - b = 0, -2*b = 4*o - 2*o. Let m(t) be the third derivative of 0 + 0*t**3 + 0*t**4 + 1/120*t**6 + 3*t**2 + o*t - 1/30*t**5. Calculate m(2).
0
Let s = 7 - 12. Let i(l) = -l - 1. Let q(n) = n**2 + 2*n. Let z(m) = 3*i(m) - q(m). Determine z(s).
-3
Let z(x) be the third derivative of -x**4/24 + x**2. Let u be z(3). Let b(n) = 2*n + n**2 + 2*n**2 + 1 - 2*n**2. Determine b(u).
4
Let p be 3*3/(-15)*-5. Suppose -4*s - 1 = p. Let r = s + -2. Let z(t) = t**3 + 2*t**2 - t + 3. Calculate z(r).
-3
Let a be 7/14*(-1 + 7). Suppose -2*p + a = 3*z, 5*z + 0 = -3*p + 6. Let j(h) = -2*h - 17*h**3 + 3*h**2 + 10*h**z - 4*h**2 - 1 + 0*h. What is j(-1)?
7
Let l = 4 - 1. Let f be 0*1/l - -3. Let p(v) = -v**2 + 2*v. Determine p(f).
-3
Let k(n) = n - 6. Let f be 3/(2 + (-14)/4). Let i(l) = l**3 + 3*l**2 - 2*l - 3. Let u be i(f). What is k(u)?
-1
Let d(j) = -15*j**3 - 17*j**2 - 19*j. Let k(a) = -7*a**3 - 8*a**2 - 9*a. Let g = -34 - -47. Let c(m) = g*k(m) - 6*d(m). Give c(-2).
6
Let z(l) be the second derivative of l**4/6 + l**3 - 5*l. Determine z(-4).
8
Suppose 4*x - 2*d + 14 = x, 4*x + 4*d + 12 = 0. Let g be -2 + -2 + 9 + -3. Let o(h) = h + 2 + 4*h**g + 5*h - 3*h**2. Calculate o(x).
-6
Let o(l) = 3*l + 2. Suppose 0*h + 4*h - 4 = 0. Let s be -3 - 0*(0 + h). Give o(s).
-7
Let f(y) = -y**3 + 6*y**2 + y - 2. Let w be f(6). Let k(j) = -j + 9. Let g be k(w). Let s(a) = 3 - a - 3. Give s(g).
-5
Suppose 0*k - f + 5 = k, 8 = 2*f. Let y(i) be the first derivative of i + 2. Let r(p) = -p. Let b(u) = k*r(u) - 2*y(u). Give b(-5).
3
Let y(h) = 2*h - 7. Let j be y(7). Let q(m) = -m**3 + 6*m**2 + 6*m + 2. Give q(j).
-5
Suppose -4*o - 2 = -2*g, -4*g - g - 2*o + 5 = 0. Let j(y) = 3*y - 2*y - g - 3*y. Determine j(1).
-3
Let u be ((-2)/(-4))/((-3)/18). Let k(y) be the third derivative of y**5/60 + y**4/12 - y**3/2 - 3*y**2. Give k(u).
0
Let t be 3 + (12 - (2 - 2)). Let q(i) = i + t - 14 - i**2 - 2*i - 10*i**3. Calculate q(1).
-11
Let k = -3 - -7. Let t = -9 + k. Let q(c) = -c**2 - 6*c - 5. Give q(t).
0
Let t(p) be the first derivative of -p**3/6 - 4*p**2 + p + 1. Let f(r) be the first derivative of t(r). What is f(0)?
-8
Let w(p) = -p**3 - 3*p**2 + 4*p - 5. Suppose -4*n + 29 - 45 = 0. Give w(n).
-5
Let b(d) be the third derivative of -1/2*d**3 + 0 - 1/60*d**5 + 0*d - 1/12*d**4 - 3*d**2. Calculate b(-2).
-3
Let u(z) = 4*z - 54. Let s(k) = -k + 11. Let b(x) = 14*s(x) + 3*u(x). Calculate b(-6).
4
Let a(k) = -k**2 + 2*k. Let i = 6 + -1. Let h be 3/(-3 + -1 + i). Determine a(h).
-3
Suppose 0 = -4*j + 8*j + 24. Let o(g) = -g**3 - 7*g**2 - 7*g - 6. Calculate o(j).
0
Let m(u) = -17*u - 5. Let i(y) = -8*y - 3. Let q(a) = 13*i(a) - 6*m(a). Let n be q(-6). Let x(b) = b**2 - 2*b - 4. Calculate x(n).
-1
Let v(f) be the third derivative of f**5/60 + 5*f**4/24 + f**3/3 - 4*f**2. Let x(u) = u**2 + 9*u + 3. Let b(g) = 5*v(g) - 3*x(g). What is b(1)?
1
Let g(n) = -3*n + 3. Let x(h) = 4*h - 4. Let m(y) = -5*g(y) - 4*x(y). What is m(5)?
-4
Let g(a) = -4*a - 4. Let i = 36 - 39. Give g(i).
8
Let w(k) = k - 1. Let l(b) = -3*b + 2. Let v(c) = -l(c) - 4*w(c). Let s(q) = -1. Let o(z) = 3*s(z) - v(z). Suppose 0 = 5*y + 1 - 21. Give o(y).
-1
Let j(p) = -p**3 - 5*p**2 + 6*p + 7. Let u(c) = 2*c**3 - 2*c. Let s be u(2). Let t = s + -18. Determine j(t).
7
Let v(r) = 5*r**3 - 6*r**2 + 4*r + 7. Let t(f) = 4*f**3 - 6*f**2 + 3*f + 7. Let h(l) = -6*t(l) + 5*v(l). Determine h(-5).
8
Let x(h) = -h**2 - h. Suppose 8*p - 2 = 6. Give x(p).
-2
Let i(m) = m + 1. Suppose -2*v = v - 15. Let p be i(v). Let a(x) = x**3 - 6*x**2 - 2*x + 5. Give a(p).
-7
Let a be (-2 + -3)/(0 + -1). Let z(j) = 41 + 39 + 5*j - j**3 - 82 + 4*j**2. What is z(a)?
-2
Suppose -52 = -4*g + 2*q, g - 2*g - q = -10. Suppose 5*l - g = 2*i, -4*l = 2*i + i - 28. Suppose l*t = -0*t - 8. Let d(x) = x**3 - 3*x - 3. Determine d(t).
-5
Let l(b) be the third derivative of b**4/12 - 2*b**3/3 + 25*b**2. Give l(-3).
-10
Let n(f) be the second derivative of -f**4/12 + 5*f**3/6 + f**2/2 + f. Suppose 0*c = 3*c - 93. Suppose -4*u + c = 11, -5*m + 2*u = -15. Determine n(m).
1
Suppose -4*j + 1 = -x, -3*j + 18 = -0*j + 5*x. Let c be (-9)/12*(1 - 5). Let r(p) = 3*p**3 + j + p**c - 2*p**3 + 3*p - 5*p. Determine r(1).
1
Let a(b) be the second derivative of b**3/6 + 3*b**2/2 - b. Suppose 3*v - 26 = -5. Suppose 4*l + 5*j + 0 = -v, -3*j = -4*l - 15. What is a(l)?
0
Let p(a) = a**3 + 6*a**2 - 7*a - 6. Suppose 0*h - h = q + 2, 0 = -q - 4*h + 13. Determine p(q).
-6
Let f(c) = -1 - 3 - 5*c + 3 + 8*c. Determine f(1).
2
Let y(q) = 4*q - 3. Let v = -222 - 38. Let i be v/(-80) - (-1)/(-4). Determine y(i).
9
Let s b